 - 4*f**2 + f**3 + 2*f**2 + 6*f + 1. Calculate t(-4).
9
Suppose 16 = 4*n + 3*w - 0*w, -2*w + 8 = 0. Suppose -8 - n = -3*v. Let t(z) = 0*z - 2*z - 2*z**2 + 8*z**v + 3*z. What is t(1)?
7
Let n(r) be the third derivative of -r**5/60 - 7*r**4/24 - 4*r**3/3 - r**2. Let f = 141 - 147. What is n(f)?
-2
Let n(l) = -9*l - 6. Let x be n(-4). Let o(j) = 2*j + 30 - x. What is o(1)?
2
Let r(o) = 3*o**2 + 4*o + 3. Let u(b) = -4*b**2 - 5*b - 4. Let h(j) = 3*r(j) + 2*u(j). Give h(-3).
4
Let q = -78 + 86. Let s(z) = -2*z + 8. Give s(q).
-8
Let a(m) = -2*m - 15. Let u be a(-5). Let z(o) = -o + 2. Calculate z(u).
7
Let y(v) = 7*v**2 + v**3 + 0*v**3 + 0 - 7 + 5*v. Let q = -12 - -6. Determine y(q).
-1
Suppose 24*p - 27*p - 15 = 0. Let c(y) = 6*y**2 - 1 + y**3 + 4*y + y - 6. Determine c(p).
-7
Let c(g) be the third derivative of 5*g**4/24 - g**3/3 + 7*g**2. Calculate c(2).
8
Let v = 107 + -108. Let w(j) = 4*j. Give w(v).
-4
Suppose 5*u - 20 = -0*u. Let n(w) be the second derivative of -w**5/20 + w**4/4 + 2*w**3/3 - 3*w**2 + w. What is n(u)?
-6
Let b = -13 + 8. Let m(u) = -u - 5. Determine m(b).
0
Let d = 57 - 52. Let a(v) = v**2 - 3*v - 6. Determine a(d).
4
Let t(h) = 5*h**2 + 4*h. Let k be ((-1)/1*2)/2. Let l(c) = -c**2. Let g(x) = k*t(x) - 4*l(x). Determine g(-2).
4
Let w(o) = -o - 1 + 0*o + 4*o**2 + 2*o**2. Let a(k) = k - 3. Let d be a(2). Give w(d).
6
Let j be (20/6)/((-7)/(-3) - 3). Let g(q) = q**2 + 4*q. Give g(j).
5
Suppose b - 3*b = -5*m + 3, 3*b = 2*m + 1. Let d = -3 + 5. Let j(r) = r + 3 + r**d + 0*r**2 - 4. Calculate j(m).
1
Let h = -5 + 2. Let q be 2 + -1 - (-3)/1. Let x(v) = 2*v**2 - 5*v**2 + 5*v**2 - 3*v**2 - 2 - q*v. What is x(h)?
1
Let l(h) = h - 7*h + 0*h + 7*h**2 - 6*h**2. Calculate l(5).
-5
Let w(p) = p. Let v(u) = 5*u - 4. Let a(n) = -v(n) + 6*w(n). Calculate a(0).
4
Let l(u) be the third derivative of -u**4/24 + 2*u**2. Suppose 3*c + c - 20 = 0. Calculate l(c).
-5
Suppose 4*y - 23 + 3 = 0. Suppose 2*x - x = y. Let k(b) = -3*b - b**3 - 10 + 5 + 4 + 5*b**2 + 7. Give k(x).
-9
Let p(i) = -i - 4. Let h = 0 + 5. Let y be (-1)/h - 22/(-10). Suppose 4*j - 2*v = -8, -y*v = -v + 4. Give p(j).
0
Let s = 25 + -31. Let i(p) = p**2 + 5*p - 2. Determine i(s).
4
Let v(w) = -w**3 + 7*w**2 - w + 3. Let z(o) = o**3 - 7*o**2 - 4. Let x(a) = -5*v(a) - 6*z(a). Calculate x(8).
-15
Let b(m) be the third derivative of m**4/24 + 5*m**3/3 + 2*m**2. What is b(0)?
10
Let u(j) = 2*j**2 + 2*j. Let c(a) = -4*a + 4. Let k be c(3). Let o = -5 - k. Let n = -5 + o. What is u(n)?
4
Suppose 7*b = 2*b. Let a(q) = -11*q - 1 + q + b. Calculate a(1).
-11
Let m(l) = 1 - 23*l - l**2 + 51*l - 5 - 20*l. Calculate m(7).
3
Let t(l) = 7*l**2 + 4*l - 2*l - 13*l**2 - 2 + 3. Let c be 9/(-7) - (-8)/28. Give t(c).
-7
Let a(x) = 3*x**2 - 3. Let d be a(-5). Let y = d - 41. Suppose 5*f + 3*v = 27, -5*f - 4*v + y = -0*v. Let i(u) = -u**2 + 2*u - 2. Calculate i(f).
-5
Let x(n) = 29*n - 17. Let y(f) = -10*f + 6. Let h(u) = -6*x(u) - 17*y(u). What is h(-4)?
16
Let p(w) = w. Let d be p(-6). Let n(b) be the first derivative of -b**3/3 - 3*b**2 + 8*b - 4. What is n(d)?
8
Let d(w) = -12 + 2 + 2*w + 7. Determine d(4).
5
Let y(u) = -u**3. Let a(o) = -3*o**3 - 2*o**2 + 1. Let r(n) = -a(n) + 6*y(n). Let c be 8/(-4)*(-1)/(-2). Give r(c).
4
Let t(g) = -2 + 2*g**2 + 4 + 0*g**2. Calculate t(2).
10
Suppose 2*f - 1 = -w, 3*f + 3 = 8*f + 2*w. Let p(u) = u**2. Give p(f).
1
Let g(s) = 6 - 5 + 3*s - 3. Give g(2).
4
Let y(t) = 6*t**2 + 2*t - 1. Let j(q) = 19*q**2 + 7*q - 3. Let c(r) = -2*j(r) + 7*y(r). Let v be c(1). Let o(k) = 0*k**v - 3 - k**3 - k**2 - 1. Give o(0).
-4
Let c(w) = w**3 + 7*w**2 + 4. Let j be c(-7). Let o(f) = 9 + f + 2*f - j*f + 0*f. What is o(7)?
2
Suppose 0 = 2*h + 3*s, 3*h + 3*s + s = 1. Let l(b) = -1 + 4*b - b**3 - 2 + 0*b**3 + 3*b**2. What is l(h)?
9
Suppose -3*p - u + 4*u = 0, -3*p + 30 = 3*u. Let w = p - 4. Let x(v) = 3*v**2 + 2*v - 1. Give x(w).
4
Let s(g) = -4*g**3 + 1. Let y(z) = z**3. Let m(t) = -s(t) + 3*y(t). Give m(-1).
-8
Let u(b) = 10*b + 1 - 6 - 8 + 128*b**2 - 139*b**2 + b**3. Give u(10).
-13
Let x be -2 + 1/((-1)/11). Let r = -13 - x. Let t(u) = -u**2 - u - 4. Calculate t(r).
-4
Let k(c) = -8*c**2 - 11*c - 2. Let d(a) = 7*a**2 + 10*a + 2. Let u(j) = -6*d(j) - 5*k(j). Give u(-4).
-14
Let g(x) = -13*x. Suppose f = -4*o + 9, -2*f + 2*o = -5*f + 7. Give g(f).
-13
Suppose 4*w = -3*l - 17, -4*l + w = 2 + 8. Let b(c) be the second derivative of -1/4*c**4 + 1/3*c**3 - 5*c - 1/20*c**5 - 1/2*c**2 + 0. Calculate b(l).
-7
Suppose -7*m - m - 64 = 0. Let x(y) = y**2 + 9*y + 11. Give x(m).
3
Let b(k) = k**3 + 1 - k**2 - 1 + 2 - k + 0*k. What is b(0)?
2
Let u(d) = 9*d + 2. Let y(s) = 10*s + 2. Let n(w) = -7*u(w) + 6*y(w). Suppose -3*x + 0 = -9. Determine n(x).
-11
Let q = 167 - 162. Let p(z) = -z**3 + 5*z**2 + z - 7. Determine p(q).
-2
Let n(f) = -f - 3. Let c(q) = q**3 + 3*q**2 - 5*q + 2. Let u be c(-4). Suppose -2*m = -4*m - u. Determine n(m).
0
Let s(u) = 3*u - 3. Let p = 5 - 2. Determine s(p).
6
Let a(g) = -6*g + 1. Let f(u) = u**3 - 8*u**2 + 7*u + 3. Let t be f(7). Suppose 6*v + 3 = t*v. What is a(v)?
7
Suppose 0 = -3*a + 5*w - 28, 2*w - 18 = a - 7. Let z be (-9 - a) + 6/3. Let i(y) = 2*y. Calculate i(z).
-12
Let p(t) = -4*t**2 + t**2 + 2*t + t**2 - 4. Give p(3).
-16
Let w(h) = h**3 + 4*h**2 - 2*h - 2*h - 3*h**2. Let x(u) = u + 3. Let v be x(-8). Let z = -8 - v. Calculate w(z).
-6
Let y(s) = s**3 - 7*s**2 + s - 1. Let l be y(7). Let k be 9/2 - 9/l. Let a be 9/(-6)*2/k. Let o(g) = 2*g**3 - g. Calculate o(a).
-1
Let n be 5 + 0 + -2 + 2. Let u(q) = -1 + 2 + q**3 - 7*q + 4*q**2 - n. Give u(-5).
6
Let g(t) = -t + 5. Let k be g(6). Let n(q) = -3*q**2 - 4*q - 3. Let i(m) = -m**2 + m. Let j(b) = k*i(b) + n(b). What is j(-3)?
-6
Suppose 9*r - 17 = 19. Let h(p) = -p + 5. Determine h(r).
1
Suppose -3*v + 3*q - 8 = -4*v, 3*q - 2 = 2*v. Let a(y) = -1 - 3*y**v - 4*y**2 + 2*y**2. Determine a(-1).
-6
Let w be (-5)/(5/(-2))*3. Let h = 9 - w. Let u(j) = -j - 3 + h. Give u(0).
0
Let z(v) = -10*v**3 - 1. Let q be z(-1). Let x(t) = 10*t - 3*t**2 - 10 - q*t**2 + t**3 + 2*t**2. Let r be x(9). Let o(h) = -12*h - 1. Calculate o(r).
11
Let i(s) be the third derivative of s**7/2520 - s**6/144 + s**5/120 + s**4/6 - 2*s**2. Let b(q) be the second derivative of i(q). What is b(4)?
-3
Let c(k) = -5*k**3 - 31*k**2 - 6*k - 1. Let i(t) = -t**3 - 6*t**2 - t. Let v(l) = 2*c(l) - 11*i(l). What is v(-4)?
2
Let g = -23 - -27. Let s(d) = d - 1. Let i(m) = 7*m - 8. Let t(q) = i(q) - 3*s(q). Calculate t(g).
11
Let a(k) = -11*k + 3*k + 4 - 3. Calculate a(-1).
9
Let g be (2 - 3)/((-2)/6). Let o(u) = 25*u - 48*u + 19*u. Determine o(g).
-12
Suppose 2*d = 5*d - 15. Suppose -4*u + 16 = -w + 4, -d*u + 15 = 5*w. Suppose t + 0*t + u = 0. Let m(i) = 2*i**2 + 3*i - 4. Calculate m(t).
5
Let h(x) = 4*x**2 - 4 - 4*x**2 + 3 - 5*x**2. What is h(2)?
-21
Let i(z) = z**3 + 4*z**2 + 2*z - 1. Let p(s) = -s**3 + 11*s**2 + 13*s - 15. Let y be p(12). Determine i(y).
2
Let g = 31 - 27. Let z(i) = i**2 - 7*i + 5. What is z(g)?
-7
Let j = -24 + 26. Let t(q) be the first derivative of j*q**3 + 7/2*q**2 + 7*q + 1/4*q**4 - 1. Calculate t(-5).
-3
Let p(u) = -2*u + 1. Let z(t) = -t. Let j(d) = -p(d) + z(d). Determine j(-5).
-6
Let s(v) be the second derivative of v**3/6 - v**2 - 30*v. Determine s(-9).
-11
Let c(y) = -y + 5. Suppose -6 + 14 = 2*l. Determine c(l).
1
Suppose 2 = r - 2*r. Let s = 2 - r. Let c(o) = -3*o**2 + 2*o**2 - o**3 - s*o**2 + 4*o + 6*o**2 - 3. What is c(2)?
1
Let j(h) = 2*h**3 + 5 - 7*h**3 + 6*h**3 + 5*h**2 + 4*h. Calculate j(-4).
5
Let y(p) be the first derivative of 5*p + 4*p**2 + 7/3*p**3 + 1/4*p**4 - 2. Determine y(-6).
-7
Let l(b) = -13*b**2 + 10*b + 13. Let h(z) = -7*z**2 + 5*z + 7. Let q(x) = -11*h(x) + 6*l(x). Suppose -4 = 2*i - 12. Give q(i).
5
Let z(u) be the third derivative of -u**5/60 + 5*u**4/24 + u**2. Suppose 2*i - 3*i + 22 = 4*j, -5*j - i + 27 = 0. What is z(j)?
0
Let p be (0/2 - 0)*-1. Let k(s) = p + 2 + 0 + s. Calculate k(6).
8
Let m(b) = -b**2 - 6*b + 3. Let o be 3 - 16/(16/4). Let d be ((-1)/o)/((-3)/21). Give m(d).
-4
Let n(j) = -j - 1 + 4 + 4*j - 1. What is n(-2)?
-4
Suppose l - 6 + 2 = 0. Let s(j) = -j**2 + 3*j - 4. Give s(l).
-8
Let x(h) = h**2 - 6*h - 3. Let z be x(7). Let m be (z/2)/(4/(-10)). Let o(i) = -i - 4. Calculat